of z.
2, 5
Suppose -5*f = 3*q + 95, 3*f + q = 4*f + 19. List the prime factors of (-1 - 2)/1 - f.
2
Let l(i) = i**3 - 11*i**2 - 12*i + 17. What are the prime factors of l(12)?
17
Let r(s) = s**3 + s**2 - s + 54. Let w be r(0). Let h = w + -31. What are the prime factors of h?
23
List the prime factors of -5 + 4 + 0 - -97.
2, 3
Let v(j) = -j**2 + 3*j. Suppose -17 = -5*t + 3. Suppose t*a - 8 = -0. What are the prime factors of v(a)?
2
Suppose 3*n - 483 - 6 = 0. List the prime factors of n.
163
Let p = 6 - 4. List the prime factors of p.
2
Let z = 67 - 32. Suppose s + 10 = 3*d, -5*d - 4*s + 35 = -2*d. Suppose -d*o = -0*o - z. What are the prime factors of o?
7
Let y(f) = -1. Let x(i) = -5*i + i + 3*i. Let u(v) = 2*x(v) + 6*y(v). List the prime factors of u(-7).
2
Suppose -4*y + 912 = 3*m - 0*m, 1140 = 5*y + 2*m. List the prime factors of y.
2, 3, 19
Let n(z) = z**2 + 4*z + 4. Suppose -5*f = -0*f - 25, -42 = -4*a + 2*f. Suppose -2*y = -3 + a. List the prime factors of n(y).
3
Suppose 4*f = 2*j - 10, 3*j - 4*j = 3*f. Suppose -10 = -j*c - 4. List the prime factors of c.
2
Suppose 2*h - 10 = -0*h. Suppose -4 = h*k + 6. What are the prime factors of (-1)/k*6 + 0?
3
Suppose 2 - 11 = -3*f. Suppose -m = -u - 4*u + 225, -f*m + 117 = 3*u. What are the prime factors of u?
2, 11
Let m(w) = 4*w**3 + w**2 + 2*w + 1. Let b be m(-1). Let j = b + 2. Let d = 14 + j. List the prime factors of d.
2, 3
Suppose 4*j + a - 512 = 0, a = 4*j + 6*a - 512. What are the prime factors of j?
2
Let b = 1 + -2. Let c be (-4 - -5)/(b/5). Let k(d) = -4*d - 3. List the prime factors of k(c).
17
Let n(i) = 5*i + 11 + 3*i - 9*i. What are the prime factors of n(-9)?
2, 5
Suppose 4 = -t - 2*p - 4, -5*p = 3*t + 20. Suppose -3*a - 11 + 59 = t. List the prime factors of a.
2
Let t = 8 + -11. List the prime factors of 0*t/6 + 14.
2, 7
Let h(a) = a**2 - 4*a - 6. Let x be h(6). Let k(i) = i**3 - 5*i**2 - 7*i + 8. Let u be k(x). What are the prime factors of 2*(-1*u - -6)?
2
Suppose 4*g + 285 + 95 = 0. Let z = g + 133. What are the prime factors of z?
2, 19
Let t be (-1)/4 + 315/12. Let r = t + -9. List the prime factors of r.
17
Let l(x) = 21*x - 5. What are the prime factors of l(2)?
37
Suppose 3*u - 4*n = -n - 15, -2*u - 4 = n. What are the prime factors of -5 + 41 + 1*u?
3, 11
Let h = 21 + 1. List the prime factors of h.
2, 11
Suppose 2*n - 14 = -2. Suppose -3*r + 0 + n = 0. List the prime factors of r.
2
Suppose -6*p = -1305 - 429. What are the prime factors of p?
17
Let y = 271 + -143. List the prime factors of y.
2
Let m(f) = -19*f - 3. List the prime factors of m(-2).
5, 7
What are the prime factors of 10/(-3)*138/(-10)?
2, 23
Suppose 5*p + 25 = -75. Let l = p - -11. List the prime factors of (-15)/(1/(6/l)).
2, 5
Let i(b) = 58*b + 1. What are the prime factors of i(3)?
5, 7
Suppose -3*x + 2*r + 71 = -195, -5*r = -5*x + 435. What are the prime factors of x?
2, 23
What are the prime factors of (-2)/3 + (-1704)/(-18)?
2, 47
What are the prime factors of (-1 + 26/8)/(4/192)?
2, 3
Let i(v) = v**2 + 14*v + 8. List the prime factors of i(-16).
2, 5
Let h = -8 - -13. Suppose 2 = -5*b - 8. Let x = h + b. List the prime factors of x.
3
Suppose 18 = h - 2*h - 2*u, h - u = -15. Let d = -8 - h. List the prime factors of d.
2
Suppose 6*p = 242 + 382. What are the prime factors of p?
2, 13
Let z(n) = n**2 + 4*n + 6. Let v be z(5). List the prime factors of 1/(1 + v/(-54)).
2, 3
Let m(a) = a**2 + 2*a - 3. Let u(b) = -4*b**2 - 6*b + 8. Let f(l) = -8*m(l) - 3*u(l). List the prime factors of f(3).
2, 3, 7
Let v = -2 - -11. List the prime factors of v.
3
Let n(r) = 2*r**2 + 9*r + 5. List the prime factors of n(-6).
23
Suppose 5*k - 4*r - 208 = 3*k, -202 = -2*k + 2*r. List the prime factors of k.
2, 7
Let n = -14 - -14. Suppose 3*a + m - 52 = n, -3*a - 4*m + 3 + 52 = 0. List the prime factors of a.
17
Suppose 5*t = 4*n - 35, -13 - 12 = -2*n + t. Let p(x) = x**3 - 6*x**2 - 2*x + 3. Let w be p(6). Let k = n + w. What are the prime factors of k?
2, 3
Let b(z) = 6*z**3 + 3*z - 5*z**3 + 3*z**2 - 9*z**2 - 7 + 0*z**2. What are the prime factors of b(6)?
11
Suppose -b + 6 = -3*r + 1, 4*b = -r - 6. Suppose 2*n - h = -3*h + 26, -4*n + 48 = 3*h. What are the prime factors of -2 + n - 0 - b?
2
Let b(p) = 10*p + 7. List the prime factors of b(10).
107
Suppose 0 = 5*y - 5 + 30. Let j be (-4)/(-14) + y/(-7). Let l = 4 + j. What are the prime factors of l?
5
Let f = -2 + 8. Let d = f - -11. List the prime factors of d.
17
Let z(c) = 13*c**2 - c - 1. List the prime factors of z(2).
7
Let p = -12 - 13. Let j = p + 69. List the prime factors of j.
2, 11
Let z(d) = 1 - d - 3 + 3. What are the prime factors of z(-9)?
2, 5
Suppose 0*u - 5*u = 5. List the prime factors of u + -10*(0 + -1).
3
Let t be 10/(-2)*36/(-15). Let q = 6 - t. What are the prime factors of 13 + 1/(3/q)?
11
Let d(u) = -u**3 - 4*u**2 - 4*u - 3. Suppose -4*v = -0*v - 80. Suppose q = 4*l + v, 4*l + l + 4*q = -4. What are the prime factors of d(l)?
13
List the prime factors of ((-2)/4)/(2 - 141/70).
5, 7
Let f be 8/6*6/4. Suppose 2*h - f = 12. List the prime factors of h.
7
Let y = -16 + 36. Suppose 4*d + 4*n - 38 = 2*d, y = 2*d - 2*n. What are the prime factors of d?
13
Let a = -36 + 52. List the prime factors of (-24)/a - (-14)/4.
2
Let y(x) = 28*x - 20. What are the prime factors of y(6)?
2, 37
Let j = -19 - -17. Let y = 17 - j. List the prime factors of y.
19
Suppose m + 18 = 2*m. Let n = -14 - -27. Let p = m - n. What are the prime factors of p?
5
Let q(g) = 9*g**3 - 2*g**2 - 2. List the prime factors of q(2).
2, 31
Suppose -4*x = -0*x - 20, -3*u - 11 = -4*x. Suppose -d = 2*d, u*d + 11 = n. List the prime factors of n.
11
Let i = 50 + -29. What are the prime factors of i?
3, 7
Let n(u) = u**3 + u**2 + 3*u + 2. What are the prime factors of n(3)?
47
Let l(q) be the third derivative of -q**5/30 + q**4/24 + q**3/3 + q**2. Let g be l(2). Let p = 7 + g. List the prime factors of p.
3
List the prime factors of (-1736)/7*1/(-2).
2, 31
Suppose 0 = -2*c + 4*c + 100. Let j = -20 - c. Let z = j + -16. List the prime factors of z.
2, 7
List the prime factors of -2 - (-2)/(2/23).
3, 7
Let i be 1/(-2*2/132). What are the prime factors of 4*1/((-6)/i)?
2, 11
Let r(v) = -v + 15. Let d(a) = -1. Let s(t) = 2*d(t) + r(t). List the prime factors of s(-14).
3
Let i(w) = 11*w**3 + 2*w**2 - 11*w. Let p(l) = -5*l**3 - l**2 + 5*l. Let t(j) = 6*i(j) + 13*p(j). Let r = 1 - -2. List the prime factors of t(r).
3, 5
Suppose -4*l = -2*l - 202. List the prime factors of l.
101
Suppose -3*w = 3*l - 32 - 19, 3*l - 2*w - 66 = 0. List the prime factors of l.
2, 5
Let u = 43 - 5. What are the prime factors of u?
2, 19
Let r be (4/6)/(8/132). Let i = r + -8. List the prime factors of i.
3
Let y(v) = -v - 7. Let n be y(-9). Suppose 7 = -5*c - 3*h + 20, -h - 3 = -n*c. What are the prime factors of c + 0 - (-2)/2?
3
Let m = 59 + -86. What are the prime factors of 1/(-1 - 30/m)?
3
Let x(u) = -3*u**2 + 14*u + 19. Let s(l) = -2*l**2 + 7*l + 10. Let g(i) = -5*s(i) + 3*x(i). What are the prime factors of g(-7)?
7
Let c(y) = -y**3 - 3*y**2 - 2. Let x be c(-4). Let g = 24 - x. What are the prime factors of g?
2, 5
Let m(z) = z**3 + 3*z**2 - z + 3. Let b be m(-4). What are the prime factors of b/(32/(-10) - -3)?
3, 5
Let o = 9 - 9. Suppose o*g = -g. Suppose g*p - 4*p + 36 = 0. List the prime factors of p.
3
Let o(h) be the first derivative of h**4/4 - 4*h**3/3 - 3*h**2 + h + 4. Let s be o(5). What are the prime factors of (12/(-2))/(8/s)?
3
Let m(t) = t**3 + 7*t**2 + 7*t + 7. Let l be m(-6). Let h(k) = 10*k**3 - k**2 + k - 1. List the prime factors of h(l).
3
Let n be 2 + 41 + 2/2. Let o be (-2)/11 + 8/n. Suppose o = -0*z + z - 12. What are the prime factors of z?
2, 3
Suppose 5*l - 533 - 340 = -g, -2*l - 5*g = -363. List the prime factors of l.
2, 3, 29
Suppose 0*k - 4*u = -2*k + 80, 3*k = 5*u + 115. Suppose -p + 3*r + k = 0, 4*r = -5*p + 53 + 2. List the prime factors of p.
3, 5
What are the prime factors of (78/(-8))/(15/(-40))?
2, 13
Suppose -4*s = 4*r - 572, -s = 4*r - 3*s - 560. What are the prime factors of r?
3, 47
Suppose 70 = 4*n + n. Let r = n + -11. What are the prime factors of r?
3
Suppose 5 = -s, -5*s - 70 = -10*u + 5*u. Let m = u + -4. List the prime factors of m.
5
Suppose -5*k = 